) is divided by 19.
18
Let m = 637 + -594. Suppose 0 = 5*l - 7*l + 184. Calculate the remainder when l is divided by m.
6
Let c(g) = -30*g. Let y(w) = 13*w. Let q(m) = -3*c(m) - 7*y(m). Calculate the remainder when 97 is divided by q(-20).
17
Let t(k) = -12*k**3 + 2*k**2 + 3*k + 2. Let y(x) = -x**3 - 10*x**2 + 6*x - 17. Let w = 0 - 11. What is the remainder when y(w) is divided by t(-1)?
12
Let f = 8254 - 7574. What is the remainder when f is divided by 18?
14
Suppose -5*r + 70 = j, 5*r - 92 = -2*j + 3*r. What is the remainder when 356 is divided by j?
36
Let v(q) = 18*q. Let x be v(9). Suppose 692 = 14*g - x. Calculate the remainder when 304 is divided by g.
60
Let y = 1552 + -860. Suppose 20*n + 152 = y. What is the remainder when 93 is divided by n?
12
Let o = 177 + -66. Let q = -99 + o. Calculate the remainder when q/(0 - -2)*(-23 - -28) is divided by 7.
2
Let x(r) = -4*r - 69. Let k be x(21). Let q = -90 - k. Calculate the remainder when q is divided by 11/((-2)/(6/(-3))).
8
Let g = -11261 - -11458. What is the remainder when 426 is divided by g?
32
Let p(k) = k**3 - 5*k**2 + 6*k + 5. Let u be p(4). Let b = -15 + u. Let m(z) = -89*z. What is the remainder when m(b) is divided by 20?
18
Let g be 11/((-55)/4)*15/6. Calculate the remainder when (43/129)/(g/(-762)) is divided by 40.
7
Let x(k) = -k**2 - 6*k + 1252. Calculate the remainder when 517 is divided by x(-37).
97
Let c = -55 - -60. Let f(h) = -3*h + c + 34 + 3*h + 4*h. Calculate the remainder when 53 is divided by f(-8).
4
Suppose 36*d = 39*d + 9, 0 = -3*z - 4*d + 96. What is the remainder when 1508 is divided by z?
32
Suppose -4*d + d = -12. Suppose 4*j = 2*i - 94, 0 = 3*i - 6*j + d*j - 137. Let g(c) = -2*c**2 - 81*c + 273. Calculate the remainder when i is divided by g(3).
9
Let y be 2 - 20/(-4)*13 - -3. Suppose -6*s + 254 = -y. Calculate the remainder when s is divided by 8.
6
Let v = 56 - 48. Calculate the remainder when (1 + 5)*-6*(-22)/v is divided by 34.
31
Let f = 2307 + -2177. Calculate the remainder when 647 is divided by f.
127
Suppose 5*n + 203 = 2*q + 165, -3*q = -21*n - 57. Let o = -121 + 195. Calculate the remainder when o is divided by q.
17
Suppose 52*s - 2*n = 53*s - 28, -3*n = -12. Calculate the remainder when 5957 is divided by s.
17
Let v(c) = -3*c**2 - 5*c + 3. Let n be v(-5). Let f = -17 - n. Let b = 60 + -4. What is the remainder when b is divided by f?
26
Suppose 14 = 9*m - 22. Suppose 25 = 5*y, -m*b - b + 4*y - 255 = 0. Let k = 66 + b. What is the remainder when k is divided by 6?
1
Let c = -52550 - -52556. Let u = -7 - -15. What is the remainder when u is divided by c?
2
Let j be 10036/28 + 4/7. Let h = j - 332. Calculate the remainder when 3 - (-129 + -2 - -3) is divided by h.
23
Suppose 0 = 4*i + 2*i - 36. Let l be 1/i + (-1811)/(-6). Suppose 90 = -4*r + l. What is the remainder when r is divided by 28?
25
Let k = -3348 - -3380. What is the remainder when 4379 is divided by k?
27
What is the remainder when 1058 is divided by -58*((-2)/(-11) - (-2924)/(-473))?
14
Let o(y) = 13*y**2 - 76*y - 684. What is the remainder when o(-8) is divided by 31?
12
Suppose -35*q = -7054 - 1530 - 27956. What is the remainder when q is divided by 109?
63
Let b = -9562 + 10623. What is the remainder when b is divided by 9?
8
Suppose -36*q = 58*q - 564. What is the remainder when 148 is divided by q?
4
Suppose 125010 = 377*c + 7386. Calculate the remainder when 1255 is divided by c.
7
Let r(a) be the third derivative of -a**4/24 + 17*a**3/3 - 2*a**2 - 82*a. What is the remainder when 39 is divided by r(4)?
9
Suppose 3*r - 2*y = 637, -2*r - 5*y = -r - 184. Let p = -972 + 976. Suppose -73 = -0*v - v - 4*b, p*b + 86 = 2*v. What is the remainder when r is divided by v?
50
Suppose 0 = v - 3*p - 68, -247 = -5*v + 4*p + 148. Calculate the remainder when 742 is divided by v.
78
Let o = -4 - -27. Suppose 132 = 5*v - 2*s, 6*s = v + 11*s - 21. Let b = v + 40. Calculate the remainder when b is divided by o.
20
Let q(k) = 8*k**2 - 9*k + 82. What is the remainder when q(-7) is divided by 4?
1
Suppose 4*l + 1079*d - 3723 = 1076*d, 0 = -3*l - 5*d + 2773. What is the remainder when l is divided by 35?
26
Let x = -25 - -27. Let p(k) = k**3 + x*k**2 + 12*k + 0*k**2 - 15*k - 9. Calculate the remainder when p(4) is divided by 38.
37
Let x = -5 - -10. Suppose 2*c = x*c - 66. What is the remainder when (135/4)/((-1470)/(-4704)) is divided by c?
20
Let n = -12 - -17. Let z(l) = 12*l + 4 + 10*l + 8*l - 21*l. Calculate the remainder when 146 is divided by z(n).
48
Let j = -3408 - -3441. Calculate the remainder when 975 is divided by j.
18
Let c(o) = -2*o**3 - 4*o**2 + 18*o - 15. Calculate the remainder when c(-6) is divided by 21.
18
Let r be (-10)/(-2) - (327 + 5). Let w = -229 - r. Calculate the remainder when w is divided by 3.
2
Let x = -51 - -36. Let f be (-385)/x*3 - -3. Suppose -19*r + f = -9*r. What is the remainder when 36 is divided by r?
4
Let s = -279 + 344. Suppose -2 - 4 = -2*a. Suppose -y = -4*y - 4*o + 54, -a*y + 2*o = -72. Calculate the remainder when s is divided by y.
21
Let h(g) = -g**3 - 3*g**2 + 6*g - 3. Let u = 3586 - 3577. Calculate the remainder when h(-6) is divided by u.
6
Let s = 24864 - 24030. Calculate the remainder when s is divided by 76.
74
Suppose -3*s + 3*o + 3618 = 0, -15*s - 3628 = -18*s - 2*o. What is the remainder when s is divided by 323?
239
Suppose -90 = 15*i - 18*i. What is the remainder when 833 is divided by i?
23
Let g(a) = 2*a**2 + 39*a - 5. Suppose -2*v = -3*v + 5*b - 40, -4*b + 96 = -4*v. What is the remainder when g(v) is divided by 3?
0
Let w = 203 - 201. Suppose -2*t + 50 = 3*u, w*u + 3*t = 5*t + 30. Calculate the remainder when u is divided by 6.
4
Suppose -3*q + 404 = 5*k, -26 = 2*k + 3*q - 193. Calculate the remainder when k is divided by 41.
38
Suppose 29*z - 5812 - 28478 = -3057. Calculate the remainder when z is divided by 70.
27
Let o be (-8)/6*27/(-6). Let f(g) = 7*g - 8. Calculate the remainder when f(o) is divided by 13.
8
Suppose -1057*r + 1069*r - 5916 = 0. Calculate the remainder when r is divided by 238.
17
What is the remainder when 172 is divided by (-583)/(-4) + -2 + 1 + (-21)/(-84)?
27
Suppose -2*p - 212 - 76 = -2*v, 2*p = -4*v + 552. Calculate the remainder when 195 is divided by v.
55
Suppose 14*d - 13*d = 201. Let p = -196 + d. Let w = 14 + 0. Calculate the remainder when w is divided by p.
4
Suppose 5*p - 3160 = 5*v, 2*p + 10*v - 8*v = 1284. Calculate the remainder when p is divided by 92.
85
Let g(y) = -3*y + 0*y**3 - y**2 + 2*y**3 + 0 + 1 + 1. Let j(l) = -553*l - 6011. Calculate the remainder when j(-11) is divided by g(3).
34
Let l = -303 + 390. Calculate the remainder when 954 is divided by l.
84
Suppose 7*m - 372*m = -58400. Calculate the remainder when m is divided by 49.
13
Suppose 5*r = 0, -x + 5*x - 16 = 4*r. What is the remainder when (2/x)/((-5)/(-240)) is divided by 6/(-54) + 64/9?
3
Suppose 0 = -3*k + 33. Let s = 36 + 6. Suppose s = -3*p + 126. Calculate the remainder when p is divided by k.
6
Let s be 9/21 - (4 - (-50)/(-14)). Suppose -i + 110 + 64 = s. Calculate the remainder when i is divided by 22.
20
Suppose 3*g + 313 - 937 = 0. Suppose 72*n - 12879 = -12879. Suppose n = -3*q - q + g. What is the remainder when q is divided by 9?
7
Suppose -49 = -s + 3. Let t = 38719 + -38692. What is the remainder when s is divided by t?
25
Suppose -506*i = 248*i - 66352. What is the remainder when i is divided by (-112)/(-6) - 6/9?
16
Suppose -3*p + 104 = -133. Suppose -p = -4*a - 15. What is the remainder when 58 is divided by (-10)/2 + a + 4?
13
Suppose 0 = 5*y + 2827 - 2987. Suppose -2*k = 4*n + 10, 4*k + 4*n + 15 = 7*k. Let b = k + 8. Calculate the remainder when y is divided by b.
5
What is the remainder when 215 is divided by (-15 - -16)/((-3)/(-6))*10?
15
Suppose -8*t + 11479 - 11607 = 0. Let u(a) = -17*a - 7 - a**2 - 2 + 0. What is the remainder when 19 is divided by u(t)?
5
Let p(c) = 44*c**2 - 18*c + 91. Let o be 1/((-6)/27 + 85/180). Calculate the remainder when p(o) is divided by 11.
8
Let q be (-2)/(-6) - (-85)/51. Let j be (-561)/(-77) - q/7. Let h = j - 6. Calculate the remainder when 1 is divided by h.
0
Suppose 3642 = 81*f + 10*f + 93. Let l = 6 + -8. Calculate the remainder when 6487/f - l/(-6) is divide